{"id":17873,"date":"2021-06-26T14:57:15","date_gmt":"2021-06-26T17:57:15","guid":{"rendered":"https:\/\/inmobiliariacoradini.com\/?post_type=property&#038;p=17873"},"modified":"2021-09-27T16:56:38","modified_gmt":"2021-09-27T19:56:38","slug":"casa-en-venta-arroyo-seco-roca-15","status":"publish","type":"property","link":"https:\/\/inmobiliariacoradini.com\/index.php\/propiedades\/casa-en-venta-arroyo-seco-roca-15\/","title":{"rendered":"Casa en venta Arroyo Seco Roca 15"},"content":{"rendered":"\n<p>Casa en calle Roca 15 (Barrio G\u00fcemes)<\/p>\n\n\n\n<p>Cuenta con todos los servicios (incluye asfalto)<\/p>\n\n\n\n<p>Cuenta con 2 dormitorios<\/p>\n\n\n\n<p>Cocina comedor<\/p>\n\n\n\n<p>Ba\u00f1o<\/p>\n\n\n\n<p>Patio<\/p>\n\n\n\n<p>Garaje y galer\u00eda<\/p>\n","protected":false},"excerpt":{"rendered":"<p>Casa en calle Roca 15 (Barrio G\u00fcemes) Cuenta con todos los servicios (incluye asfalto) Cuenta con 2 dormitorios Cocina comedor Ba\u00f1o Patio Garaje y galer\u00eda<\/p>\n","protected":false},"author":1,"featured_media":17877,"parent":0,"menu_order":0,"template":"","property_type":[83],"property_status":[30],"property_feature":[116,17,110],"property_label":[],"property_country":[77],"property_state":[78],"property_city":[91],"property_area":[126],"class_list":["post-17873","property","type-property","status-publish","has-post-thumbnail","hentry","property_type-casa","property_status-venta","property_feature-galeria-cubierta","property_feature-parrillero","property_feature-rejas","property_country-argentina","property_state-santa-fe","property_city-arroyo-seco","property_area-barrio-guemes"],"property_meta":{"_edit_lock":["1632772998:1"],"_edit_last":["1"],"fave_property_id":["17873"],"fave_property_map":["1"],"fave_property_location":["-33.165217256845,-60.50014257431,15"],"houzez_geolocation_lat":["-33.165217256845"],"houzez_geolocation_long":["-60.50014257431"],"fave_property_map_street_view":["hide"],"fave_featured":["0"],"fave_loggedintoview":["0"],"fave_agent_display_option":["author_info"],"fave_agents":["-1"],"fave_property_agency":["-1"],"fave_prop_homeslider":["no"],"fave_single_top_area":["global"],"fave_single_content_area":["global"],"slide_template":[""],"rs_page_bg_color":[""],"houzez_manual_expire":["0"],"_houzez_expiration_date_status":["saved"],"fave_property_price":["40000"],"fave_property_price_postfix":["dolares"],"fave_property_land":["200"],"fave_property_land_postfix":["mts2"],"fave_property_bedrooms":["2"],"fave_property_rooms":["2"],"fave_property_bathrooms":["1"],"fave_property_garage":["1"],"fave_property_map_address":["Roca 15 Arroyo Seco"],"_thumbnail_id":["17877"],"fave_property_address":["Roca 15 Arroyo Seco"],"fave_property_zip":["2128"],"houzez_total_property_views":["472"],"houzez_views_by_date":["a:61:{s:10:\"05-30-2025\";i:1;s:10:\"05-31-2025\";i:1;s:10:\"06-01-2025\";i:3;s:10:\"06-02-2025\";i:1;s:10:\"06-10-2025\";i:1;s:10:\"06-15-2025\";i:1;s:10:\"06-21-2025\";i:1;s:10:\"06-29-2025\";i:1;s:10:\"07-01-2025\";i:1;s:10:\"07-09-2025\";i:1;s:10:\"07-10-2025\";i:1;s:10:\"07-15-2025\";i:1;s:10:\"07-23-2025\";i:1;s:10:\"07-30-2025\";i:1;s:10:\"08-06-2025\";i:1;s:10:\"08-14-2025\";i:1;s:10:\"08-17-2025\";i:1;s:10:\"08-20-2025\";i:1;s:10:\"08-27-2025\";i:1;s:10:\"09-02-2025\";i:1;s:10:\"09-09-2025\";i:1;s:10:\"09-17-2025\";i:1;s:10:\"09-25-2025\";i:1;s:10:\"10-02-2025\";i:1;s:10:\"10-10-2025\";i:1;s:10:\"10-12-2025\";i:1;s:10:\"10-13-2025\";i:1;s:10:\"10-15-2025\";i:1;s:10:\"10-22-2025\";i:1;s:10:\"10-27-2025\";i:1;s:10:\"11-03-2025\";i:1;s:10:\"11-10-2025\";i:1;s:10:\"11-13-2025\";i:2;s:10:\"11-14-2025\";i:1;s:10:\"11-15-2025\";i:1;s:10:\"11-22-2025\";i:1;s:10:\"11-30-2025\";i:1;s:10:\"12-02-2025\";i:1;s:10:\"12-03-2025\";i:1;s:10:\"12-11-2025\";i:1;s:10:\"12-18-2025\";i:1;s:10:\"12-27-2025\";i:1;s:10:\"01-04-2026\";i:1;s:10:\"01-09-2026\";i:1;s:10:\"01-13-2026\";i:1;s:10:\"01-22-2026\";i:1;s:10:\"01-29-2026\";i:1;s:10:\"02-06-2026\";i:1;s:10:\"02-09-2026\";i:1;s:10:\"02-17-2026\";i:1;s:10:\"02-25-2026\";i:1;s:10:\"03-02-2026\";i:1;s:10:\"03-06-2026\";i:1;s:10:\"03-09-2026\";i:1;s:10:\"03-17-2026\";i:1;s:10:\"03-24-2026\";i:1;s:10:\"04-01-2026\";i:2;s:10:\"04-07-2026\";i:1;s:10:\"04-14-2026\";i:1;s:10:\"04-21-2026\";i:1;s:10:\"04-28-2026\";i:1;}"],"houzez_recently_viewed":["2026-04-28 15:54:26"],"fave_property_images":["17877","17885","17897","17898","17899","17902","17900"]},"_links":{"self":[{"href":"https:\/\/inmobiliariacoradini.com\/index.php\/wp-json\/wp\/v2\/properties\/17873","targetHints":{"allow":["GET"]}}],"collection":[{"href":"https:\/\/inmobiliariacoradini.com\/index.php\/wp-json\/wp\/v2\/properties"}],"about":[{"href":"https:\/\/inmobiliariacoradini.com\/index.php\/wp-json\/wp\/v2\/types\/property"}],"author":[{"embeddable":true,"href":"https:\/\/inmobiliariacoradini.com\/index.php\/wp-json\/wp\/v2\/users\/1"}],"version-history":[{"count":3,"href":"https:\/\/inmobiliariacoradini.com\/index.php\/wp-json\/wp\/v2\/properties\/17873\/revisions"}],"predecessor-version":[{"id":17876,"href":"https:\/\/inmobiliariacoradini.com\/index.php\/wp-json\/wp\/v2\/properties\/17873\/revisions\/17876"}],"wp:featuredmedia":[{"embeddable":true,"href":"https:\/\/inmobiliariacoradini.com\/index.php\/wp-json\/wp\/v2\/media\/17877"}],"wp:attachment":[{"href":"https:\/\/inmobiliariacoradini.com\/index.php\/wp-json\/wp\/v2\/media?parent=17873"}],"wp:term":[{"taxonomy":"property_type","embeddable":true,"href":"https:\/\/inmobiliariacoradini.com\/index.php\/wp-json\/wp\/v2\/property_type?post=17873"},{"taxonomy":"property_status","embeddable":true,"href":"https:\/\/inmobiliariacoradini.com\/index.php\/wp-json\/wp\/v2\/property_status?post=17873"},{"taxonomy":"property_feature","embeddable":true,"href":"https:\/\/inmobiliariacoradini.com\/index.php\/wp-json\/wp\/v2\/property_feature?post=17873"},{"taxonomy":"property_label","embeddable":true,"href":"https:\/\/inmobiliariacoradini.com\/index.php\/wp-json\/wp\/v2\/property_label?post=17873"},{"taxonomy":"property_country","embeddable":true,"href":"https:\/\/inmobiliariacoradini.com\/index.php\/wp-json\/wp\/v2\/property_country?post=17873"},{"taxonomy":"property_state","embeddable":true,"href":"https:\/\/inmobiliariacoradini.com\/index.php\/wp-json\/wp\/v2\/property_state?post=17873"},{"taxonomy":"property_city","embeddable":true,"href":"https:\/\/inmobiliariacoradini.com\/index.php\/wp-json\/wp\/v2\/property_city?post=17873"},{"taxonomy":"property_area","embeddable":true,"href":"https:\/\/inmobiliariacoradini.com\/index.php\/wp-json\/wp\/v2\/property_area?post=17873"}],"curies":[{"name":"wp","href":"https:\/\/api.w.org\/{rel}","templated":true}]}}

<p>Casa en calle Roca 15 (Barrio Güemes)</p>



<p>Cuenta con todos los servicios (incluye asfalto)</p>



<p>Cuenta con 2 dormitorios</p>



<p>Cocina comedor</p>



<p>Baño</p>



<p>Patio</p>



<p>Garaje y galería</p>

<p>Casa en calle Roca 15 (Barrio Güemes) Cuenta con todos los servicios (incluye asfalto) Cuenta con 2 dormitorios Cocina comedor Baño Patio Garaje y galería</p>
