{"id":17757,"date":"2021-06-27T19:38:22","date_gmt":"2021-06-27T22:38:22","guid":{"rendered":"https:\/\/inmobiliariacoradini.com\/index.php\/propiedades\/departamento-torre-cielo\/"},"modified":"2026-01-09T09:47:28","modified_gmt":"2026-01-09T12:47:28","slug":"departamento-torre-cielo","status":"publish","type":"property","link":"https:\/\/inmobiliariacoradini.com\/index.php\/propiedades\/departamento-torre-cielo\/","title":{"rendered":"Departamento 1 dormitorio Torre Cielo"},"content":{"rendered":"<p>Departamento 52 metros cuadrados en edificio Torre Cielo<\/p>\n<p>Ubicaci\u00f3n Sarmiento 270 Arroyo Seco (Pleno centro de la ciudad)<\/p>\n<p>Amplia cocina y comedor<\/p>\n<p>1 dormitorio y ba\u00f1o<\/p>\n<p>Balc\u00f3n<\/p>\n<p>Cuenta con mesada, bajo mesada y alacena, calefactor, termotanque y cocina (todo nuevo)<\/p>\n<p>Amenities:\u00a0 Quincho y parrillero en terraza.<\/p>\n<p>Cuenta con ingreso compartido y monitoreado las 24 horas. Ascensor,<\/p>\n","protected":false},"excerpt":{"rendered":"<p>Departamento 52 metros cuadrados en edificio Torre Cielo Ubicaci\u00f3n Sarmiento 270 Arroyo Seco (Pleno centro de la ciudad) Amplia cocina y comedor 1 dormitorio y ba\u00f1o Balc\u00f3n Cuenta con mesada, bajo mesada y alacena, calefactor, termotanque y cocina (todo nuevo) Amenities:\u00a0 Quincho y parrillero en terraza. Cuenta con ingreso compartido y monitoreado las 24 horas. [&hellip;]<\/p>\n","protected":false},"author":1,"featured_media":17755,"parent":0,"menu_order":0,"template":"","property_type":[84],"property_status":[30],"property_feature":[108,88,107,17,90],"property_label":[33],"property_country":[77],"property_state":[78],"property_city":[91],"property_area":[],"class_list":["post-17757","property","type-property","status-publish","has-post-thumbnail","hentry","property_type-departamento","property_status-venta","property_feature-balcon","property_feature-calefactor","property_feature-cocina","property_feature-parrillero","property_feature-quincho","property_label-oferta","property_country-argentina","property_state-santa-fe","property_city-arroyo-seco"],"property_meta":{"fave_property_price":["70000"],"fave_property_price_postfix":["dolares"],"fave_property_size":["52"],"fave_property_size_prefix":["m\u00b2"],"fave_property_land":["52"],"fave_property_land_postfix":["m\u00b2"],"fave_property_bedrooms":["1"],"fave_property_bathrooms":["1"],"fave_property_year":["2020"],"fave_property_id":["17757"],"fave_additional_features_enable":["enable"],"fave_featured":["1"],"fave_loggedintoview":["0"],"fave_mortgage_cal":["0"],"fave_payment_status":["not_paid"],"fave_agent_display_option":["author_info"],"fave_property_map_address":["Sarmiento 270 Arroyo Seco"],"fave_property_address":["Sarmiento 270 Arroyo Seco"],"houzez_geolocation_lat":["-33.154209"],"houzez_geolocation_long":["-60.514317"],"fave_property_location":["-33.154209,-60.514317,0"],"fave_property_map":["1"],"fave_property_map_street_view":["hide"],"houzez_total_property_views":["698"],"houzez_views_by_date":["a:61:{s:10:\"06-02-2025\";i:1;s:10:\"06-09-2025\";i:1;s:10:\"06-15-2025\";i:1;s:10:\"06-21-2025\";i:1;s:10:\"06-28-2025\";i:1;s:10:\"07-02-2025\";i:1;s:10:\"07-09-2025\";i:1;s:10:\"07-10-2025\";i:1;s:10:\"07-15-2025\";i:1;s:10:\"07-23-2025\";i:1;s:10:\"07-30-2025\";i:1;s:10:\"08-05-2025\";i:1;s:10:\"08-13-2025\";i:1;s:10:\"08-17-2025\";i:1;s:10:\"08-20-2025\";i:1;s:10:\"08-27-2025\";i:1;s:10:\"09-02-2025\";i:1;s:10:\"09-09-2025\";i:1;s:10:\"09-17-2025\";i:2;s:10:\"09-24-2025\";i:1;s:10:\"10-01-2025\";i:1;s:10:\"10-08-2025\";i:1;s:10:\"10-12-2025\";i:2;s:10:\"10-13-2025\";i:1;s:10:\"10-15-2025\";i:1;s:10:\"10-22-2025\";i:1;s:10:\"10-26-2025\";i:1;s:10:\"11-02-2025\";i:1;s:10:\"11-03-2025\";i:1;s:10:\"11-10-2025\";i:1;s:10:\"11-12-2025\";i:1;s:10:\"11-13-2025\";i:2;s:10:\"11-14-2025\";i:1;s:10:\"11-15-2025\";i:1;s:10:\"11-22-2025\";i:1;s:10:\"11-29-2025\";i:1;s:10:\"12-02-2025\";i:1;s:10:\"12-03-2025\";i:1;s:10:\"12-10-2025\";i:1;s:10:\"12-18-2025\";i:1;s:10:\"12-25-2025\";i:1;s:10:\"01-02-2026\";i:1;s:10:\"01-09-2026\";i:2;s:10:\"01-13-2026\";i:1;s:10:\"01-21-2026\";i:2;s:10:\"01-28-2026\";i:1;s:10:\"02-04-2026\";i:1;s:10:\"02-09-2026\";i:1;s:10:\"02-16-2026\";i:1;s:10:\"02-23-2026\";i:1;s:10:\"03-02-2026\";i:1;s:10:\"03-06-2026\";i:2;s:10:\"03-08-2026\";i:1;s:10:\"03-16-2026\";i:1;s:10:\"03-23-2026\";i:1;s:10:\"03-30-2026\";i:1;s:10:\"04-01-2026\";i:1;s:10:\"04-07-2026\";i:1;s:10:\"04-13-2026\";i:1;s:10:\"04-20-2026\";i:1;s:10:\"04-27-2026\";i:1;}"],"houzez_recently_viewed":["2026-04-27 17:44:01"],"_thumbnail_id":["17755"],"_edit_last":["3"],"_edit_lock":["1767962851:3"],"fave_property_rooms":["1"],"fave_agents":["-1"],"fave_property_agency":["-1"],"fave_single_top_area":["global"],"fave_single_content_area":["global"],"houzez_manual_expire":["0"],"_houzez_expiration_date_status":["saved"],"fave_property_images":["17751","17752","17755","17756","17754","17750"]},"_links":{"self":[{"href":"https:\/\/inmobiliariacoradini.com\/index.php\/wp-json\/wp\/v2\/properties\/17757","targetHints":{"allow":["GET"]}}],"collection":[{"href":"https:\/\/inmobiliariacoradini.com\/index.php\/wp-json\/wp\/v2\/properties"}],"about":[{"href":"https:\/\/inmobiliariacoradini.com\/index.php\/wp-json\/wp\/v2\/types\/property"}],"author":[{"embeddable":true,"href":"https:\/\/inmobiliariacoradini.com\/index.php\/wp-json\/wp\/v2\/users\/1"}],"version-history":[{"count":3,"href":"https:\/\/inmobiliariacoradini.com\/index.php\/wp-json\/wp\/v2\/properties\/17757\/revisions"}],"predecessor-version":[{"id":17992,"href":"https:\/\/inmobiliariacoradini.com\/index.php\/wp-json\/wp\/v2\/properties\/17757\/revisions\/17992"}],"wp:featuredmedia":[{"embeddable":true,"href":"https:\/\/inmobiliariacoradini.com\/index.php\/wp-json\/wp\/v2\/media\/17755"}],"wp:attachment":[{"href":"https:\/\/inmobiliariacoradini.com\/index.php\/wp-json\/wp\/v2\/media?parent=17757"}],"wp:term":[{"taxonomy":"property_type","embeddable":true,"href":"https:\/\/inmobiliariacoradini.com\/index.php\/wp-json\/wp\/v2\/property_type?post=17757"},{"taxonomy":"property_status","embeddable":true,"href":"https:\/\/inmobiliariacoradini.com\/index.php\/wp-json\/wp\/v2\/property_status?post=17757"},{"taxonomy":"property_feature","embeddable":true,"href":"https:\/\/inmobiliariacoradini.com\/index.php\/wp-json\/wp\/v2\/property_feature?post=17757"},{"taxonomy":"property_label","embeddable":true,"href":"https:\/\/inmobiliariacoradini.com\/index.php\/wp-json\/wp\/v2\/property_label?post=17757"},{"taxonomy":"property_country","embeddable":true,"href":"https:\/\/inmobiliariacoradini.com\/index.php\/wp-json\/wp\/v2\/property_country?post=17757"},{"taxonomy":"property_state","embeddable":true,"href":"https:\/\/inmobiliariacoradini.com\/index.php\/wp-json\/wp\/v2\/property_state?post=17757"},{"taxonomy":"property_city","embeddable":true,"href":"https:\/\/inmobiliariacoradini.com\/index.php\/wp-json\/wp\/v2\/property_city?post=17757"},{"taxonomy":"property_area","embeddable":true,"href":"https:\/\/inmobiliariacoradini.com\/index.php\/wp-json\/wp\/v2\/property_area?post=17757"}],"curies":[{"name":"wp","href":"https:\/\/api.w.org\/{rel}","templated":true}]}}

<p>Departamento 52 metros cuadrados en edificio Torre Cielo</p>
<p>Ubicación Sarmiento 270 Arroyo Seco (Pleno centro de la ciudad)</p>
<p>Amplia cocina y comedor</p>
<p>1 dormitorio y baño</p>
<p>Balcón</p>
<p>Cuenta con mesada, bajo mesada y alacena, calefactor, termotanque y cocina (todo nuevo)</p>
<p>Amenities:  Quincho y parrillero en terraza.</p>
<p>Cuenta con ingreso compartido y monitoreado las 24 horas. Ascensor,</p>

<p>Departamento 52 metros cuadrados en edificio Torre Cielo Ubicación Sarmiento 270 Arroyo Seco (Pleno centro de la ciudad) Amplia cocina y comedor 1 dormitorio y baño Balcón Cuenta con mesada, bajo mesada y alacena, calefactor, termotanque y cocina (todo nuevo) Amenities:  Quincho y parrillero en terraza. Cuenta con ingreso compartido y monitoreado las 24 horas. [&hellip;]</p>
