{"id":17579,"date":"2020-12-17T19:56:50","date_gmt":"2020-12-17T22:56:50","guid":{"rendered":"https:\/\/inmobiliariacoradini.com\/index.php\/propiedades\/casa-en-venta-mirador-del-rio\/"},"modified":"2021-01-06T17:47:03","modified_gmt":"2021-01-06T20:47:03","slug":"casa-en-venta-mirador-del-rio","status":"publish","type":"property","link":"https:\/\/inmobiliariacoradini.com\/index.php\/propiedades\/casa-en-venta-mirador-del-rio\/","title":{"rendered":"Casa en venta Mirador del Rio"},"content":{"rendered":"<p>Excelente casa fin de semana en Mirador del R\u00edo<\/p>\n<p>Lote de 300 mts2 totalmente forestado<\/p>\n<p>Casa 100mts2 con cocina comedor, ba\u00f1o, 1 habitaci\u00f3n, lavadero y galer\u00eda con cochera.<\/p>\n<p>Pileta agregada recientemente<\/p>\n<p>&nbsp;<\/p>\n<p>&nbsp;<\/p>\n<p>&nbsp;<\/p>\n","protected":false},"excerpt":{"rendered":"<p>Excelente casa fin de semana en Mirador del R\u00edo Lote de 300 mts2 totalmente forestado Casa 100mts2 con cocina comedor, ba\u00f1o, 1 habitaci\u00f3n, lavadero y galer\u00eda con cochera. Pileta agregada recientemente &nbsp; &nbsp; &nbsp;<\/p>\n","protected":false},"author":1,"featured_media":17572,"parent":0,"menu_order":0,"template":"","property_type":[83],"property_status":[30],"property_feature":[37,107,116,36,17,64],"property_label":[33],"property_country":[77],"property_state":[78],"property_city":[91],"property_area":[121],"class_list":["post-17579","property","type-property","status-publish","has-post-thumbnail","hentry","property_type-casa","property_status-venta","property_feature-cesped","property_feature-cocina","property_feature-galeria-cubierta","property_feature-lavadero","property_feature-parrillero","property_feature-pileta","property_label-oferta","property_country-argentina","property_state-santa-fe","property_city-arroyo-seco","property_area-mirador-del-rio"],"property_meta":{"fave_property_price":["65000"],"fave_property_price_postfix":["U$S"],"fave_property_price_prefix":[""],"fave_property_sec_price":[""],"fave_property_size":["100"],"fave_property_size_prefix":["m\u00b2"],"fave_property_land":["300"],"fave_property_land_postfix":["m\u00b2"],"fave_property_bedrooms":["1"],"fave_property_bathrooms":["1"],"fave_property_garage":["1"],"fave_property_garage_size":[""],"fave_virtual_tour":[""],"fave_property_year":[""],"fave_property_id":["17579"],"fave_video_url":[""],"fave_property_zip":["2128"],"additional_features":["a:1:{i:0;a:2:{s:29:\"fave_additional_feature_title\";s:0:\"\";s:29:\"fave_additional_feature_value\";s:0:\"\";}}"],"fave_additional_features_enable":["enable"],"floor_plans":["a:1:{i:0;a:8:{s:15:\"fave_plan_title\";s:0:\"\";s:15:\"fave_plan_rooms\";s:0:\"\";s:19:\"fave_plan_bathrooms\";s:0:\"\";s:15:\"fave_plan_price\";s:0:\"\";s:23:\"fave_plan_price_postfix\";s:0:\"\";s:14:\"fave_plan_size\";s:0:\"\";s:15:\"fave_plan_image\";s:0:\"\";s:21:\"fave_plan_description\";s:0:\"\";}}"],"fave_multi_units":["a:1:{i:0;a:9:{s:13:\"fave_mu_title\";s:0:\"\";s:12:\"fave_mu_beds\";s:0:\"\";s:13:\"fave_mu_baths\";s:0:\"\";s:12:\"fave_mu_size\";s:0:\"\";s:20:\"fave_mu_size_postfix\";s:0:\"\";s:13:\"fave_mu_price\";s:0:\"\";s:21:\"fave_mu_price_postfix\";s:0:\"\";s:12:\"fave_mu_type\";s:0:\"\";s:25:\"fave_mu_availability_date\";s:0:\"\";}}"],"fave_featured":["1"],"fave_loggedintoview":["0"],"fave_mortgage_cal":["0"],"fave_private_note":[""],"fave_property_disclaimer":[""],"fave_energy_class":[""],"fave_energy_global_index":[""],"fave_renewable_energy_global_index":[""],"fave_energy_performance":[""],"fave_epc_current_rating":[""],"fave_epc_potential_rating":[""],"fave_payment_status":["not_paid"],"fave_agent_display_option":["author_info"],"fave_property_map_address":["Arroyo Seco, Municipio de Arroyo Seco, Departamento Rosario, Santa Fe, Argentina"],"fave_property_address":["Arroyo Seco, Municipio de Arroyo Seco, Departamento Rosario, Santa Fe, Argentina"],"houzez_geolocation_lat":["-33.16715714690632"],"houzez_geolocation_long":["-60.460006331893226"],"fave_property_location":["-33.16715714690632,-60.460006331893226"],"fave_property_map":["1"],"fave_property_map_street_view":[""],"houzez_total_property_views":["1059"],"houzez_views_by_date":["a:61:{s:10:\"05-21-2025\";i:2;s:10:\"05-22-2025\";i:1;s:10:\"05-25-2025\";i:1;s:10:\"05-26-2025\";i:1;s:10:\"05-28-2025\";i:3;s:10:\"05-30-2025\";i:1;s:10:\"05-31-2025\";i:1;s:10:\"06-02-2025\";i:1;s:10:\"06-09-2025\";i:1;s:10:\"06-15-2025\";i:1;s:10:\"06-21-2025\";i:1;s:10:\"06-29-2025\";i:1;s:10:\"07-01-2025\";i:1;s:10:\"07-09-2025\";i:1;s:10:\"07-13-2025\";i:1;s:10:\"07-17-2025\";i:1;s:10:\"07-25-2025\";i:1;s:10:\"08-03-2025\";i:1;s:10:\"08-09-2025\";i:1;s:10:\"08-17-2025\";i:1;s:10:\"08-20-2025\";i:1;s:10:\"09-02-2025\";i:1;s:10:\"09-10-2025\";i:1;s:10:\"09-17-2025\";i:1;s:10:\"09-25-2025\";i:1;s:10:\"10-06-2025\";i:1;s:10:\"10-12-2025\";i:2;s:10:\"10-16-2025\";i:1;s:10:\"10-23-2025\";i:1;s:10:\"10-26-2025\";i:1;s:10:\"11-02-2025\";i:1;s:10:\"11-03-2025\";i:1;s:10:\"11-10-2025\";i:2;s:10:\"11-13-2025\";i:2;s:10:\"11-15-2025\";i:1;s:10:\"11-17-2025\";i:1;s:10:\"11-25-2025\";i:2;s:10:\"12-02-2025\";i:1;s:10:\"12-10-2025\";i:1;s:10:\"12-19-2025\";i:1;s:10:\"12-28-2025\";i:1;s:10:\"01-04-2026\";i:1;s:10:\"01-09-2026\";i:1;s:10:\"01-13-2026\";i:1;s:10:\"01-20-2026\";i:1;s:10:\"01-21-2026\";i:1;s:10:\"01-28-2026\";i:1;s:10:\"02-05-2026\";i:1;s:10:\"02-09-2026\";i:1;s:10:\"02-17-2026\";i:1;s:10:\"02-24-2026\";i:1;s:10:\"03-02-2026\";i:1;s:10:\"03-07-2026\";i:1;s:10:\"03-09-2026\";i:1;s:10:\"03-17-2026\";i:1;s:10:\"03-24-2026\";i:1;s:10:\"04-01-2026\";i:1;s:10:\"04-10-2026\";i:1;s:10:\"04-13-2026\";i:1;s:10:\"04-26-2026\";i:1;s:10:\"04-29-2026\";i:1;}"],"houzez_recently_viewed":["2026-04-29 20:26:17"],"fave_property_images":["17572","17578","17571","17573","17574","17575","17576","17577","17634","17635"],"_thumbnail_id":["17572"]},"_links":{"self":[{"href":"https:\/\/inmobiliariacoradini.com\/index.php\/wp-json\/wp\/v2\/properties\/17579","targetHints":{"allow":["GET"]}}],"collection":[{"href":"https:\/\/inmobiliariacoradini.com\/index.php\/wp-json\/wp\/v2\/properties"}],"about":[{"href":"https:\/\/inmobiliariacoradini.com\/index.php\/wp-json\/wp\/v2\/types\/property"}],"author":[{"embeddable":true,"href":"https:\/\/inmobiliariacoradini.com\/index.php\/wp-json\/wp\/v2\/users\/1"}],"version-history":[{"count":1,"href":"https:\/\/inmobiliariacoradini.com\/index.php\/wp-json\/wp\/v2\/properties\/17579\/revisions"}],"predecessor-version":[{"id":17636,"href":"https:\/\/inmobiliariacoradini.com\/index.php\/wp-json\/wp\/v2\/properties\/17579\/revisions\/17636"}],"wp:featuredmedia":[{"embeddable":true,"href":"https:\/\/inmobiliariacoradini.com\/index.php\/wp-json\/wp\/v2\/media\/17572"}],"wp:attachment":[{"href":"https:\/\/inmobiliariacoradini.com\/index.php\/wp-json\/wp\/v2\/media?parent=17579"}],"wp:term":[{"taxonomy":"property_type","embeddable":true,"href":"https:\/\/inmobiliariacoradini.com\/index.php\/wp-json\/wp\/v2\/property_type?post=17579"},{"taxonomy":"property_status","embeddable":true,"href":"https:\/\/inmobiliariacoradini.com\/index.php\/wp-json\/wp\/v2\/property_status?post=17579"},{"taxonomy":"property_feature","embeddable":true,"href":"https:\/\/inmobiliariacoradini.com\/index.php\/wp-json\/wp\/v2\/property_feature?post=17579"},{"taxonomy":"property_label","embeddable":true,"href":"https:\/\/inmobiliariacoradini.com\/index.php\/wp-json\/wp\/v2\/property_label?post=17579"},{"taxonomy":"property_country","embeddable":true,"href":"https:\/\/inmobiliariacoradini.com\/index.php\/wp-json\/wp\/v2\/property_country?post=17579"},{"taxonomy":"property_state","embeddable":true,"href":"https:\/\/inmobiliariacoradini.com\/index.php\/wp-json\/wp\/v2\/property_state?post=17579"},{"taxonomy":"property_city","embeddable":true,"href":"https:\/\/inmobiliariacoradini.com\/index.php\/wp-json\/wp\/v2\/property_city?post=17579"},{"taxonomy":"property_area","embeddable":true,"href":"https:\/\/inmobiliariacoradini.com\/index.php\/wp-json\/wp\/v2\/property_area?post=17579"}],"curies":[{"name":"wp","href":"https:\/\/api.w.org\/{rel}","templated":true}]}}

<p>Excelente casa fin de semana en Mirador del Río</p>
<p>Lote de 300 mts2 totalmente forestado</p>
<p>Casa 100mts2 con cocina comedor, baño, 1 habitación, lavadero y galería con cochera.</p>
<p>Pileta agregada recientemente</p>
<p>&nbsp;</p>
<p>&nbsp;</p>
<p>&nbsp;</p>

<p>Excelente casa fin de semana en Mirador del Río Lote de 300 mts2 totalmente forestado Casa 100mts2 con cocina comedor, baño, 1 habitación, lavadero y galería con cochera. Pileta agregada recientemente &nbsp; &nbsp; &nbsp;</p>
